161?
92
What is the remainder when 81977 is divided by 78?
77
What is the remainder when 9205 is divided by 200?
5
Calculate the remainder when 66494 is divided by 155.
154
Calculate the remainder when 3273814 is divided by 1499.
1497
What is the remainder when 3258 is divided by 981?
315
Calculate the remainder when 8606 is divided by 331.
0
What is the remainder when 762 is divided by 29?
8
What is the remainder when 2747 is divided by 380?
87
Calculate the remainder when 5834 is divided by 1933.
35
What is the remainder when 30000 is divided by 666?
30
Calculate the remainder when 4580 is divided by 304.
20
What is the remainder when 8411 is divided by 40?
11
What is the remainder when 975 is divided by 125?
100
What is the remainder when 6748 is divided by 6632?
116
Calculate the remainder when 276852 is divided by 226.
2
Calculate the remainder when 18534 is divided by 924.
54
What is the remainder when 55960 is divided by 862?
792
What is the remainder when 77805 is divided by 1276?
1245
Calculate the remainder when 5024 is divided by 361.
331
What is the remainder when 52035 is divided by 17?
15
Calculate the remainder when 430332 is divided by 103.
101
Calculate the remainder when 291944 is divided by 5958.
2
Calculate the remainder when 144745 is divided by 102.
7
Calculate the remainder when 4696329 is divided by 916.
913
Calculate the remainder when 306 is divided by 258.
48
Calculate the remainder when 1476 is divided by 213.
198
Calculate the remainder when 24850 is divided by 24739.
111
What is the remainder when 294298 is divided by 1308?
1306
Calculate the remainder when 9689 is divided by 4.
1
What is the remainder when 19809 is divided by 118?
103
Calculate the remainder when 4598 is divided by 1528.
14
What is the remainder when 23553 is divided by 23549?
4
What is the remainder when 3236 is divided by 1223?
790
Calculate the remainder when 1084636 is divided by 361543.
7
Calculate the remainder when 54553 is divided by 745.
168
What is the remainder when 46552 is divided by 46542?
10
What is the remainder when 58009 is divided by 10?
9
What is the remainder when 963 is divided by 578?
385
Calculate the remainder when 9571 is divided by 9562.
9
What is the remainder when 33061 is divided by 524?
49
What is the remainder when 2532 is divided by 381?
246
What is the remainder when 4275 is divided by 1332?
279
Calculate the remainder when 725 is divided by 244.
237
Calculate the remainder when 4241 is divided by 59.
52
Calculate the remainder when 3673 is divided by 231.
208
What is the remainder when 48905 is divided by 24438?
29
What is the remainder when 2407 is divided by 2391?
16
What is the remainder when 1281 is divided by 605?
71
Calculate the remainder when 4363 is divided by 161.
16
What is the remainder when 425 is divided by 271?
154
What is the remainder when 1408 is divided by 75?
58
Calculate the remainder when 7240 is divided by 35.
30
Calculate the remainder when 6342 is divided by 333.
15
What is the remainder when 217616 is divided by 124?
120
Calculate the remainder when 4705 is divided by 30.
25
What is the remainder when 6497 is divided by 1034?
293
Calculate the remainder when 90648 is divided by 370.
368
What is the remainder when 77646 is divided by 300?
246
Calculate the remainder when 37877 is divided by 12616.
29
What is the remainder when 87416 is divided by 201?
182
What is the remainder when 1362 is divided by 433?
63
Calculate the remainder when 3434 is divided by 44.
2
Calculate the remainder when 4600 is divided by 440.
200
Calculate the remainder when 24207 is divided by 120.
87
What is the remainder when 42972 is divided by 8?
4
What is the remainder when 8537 is divided by 342?
329
What is the remainder when 59940 is divided by 118?
114
What is the remainder when 160627 is divided by 40154?
11
What is the remainder when 21536 is divided by 19?
9
Calculate the remainder when 36768 is divided by 18370.
28
Calculate the remainder when 1204397 is divided by 581.
565
Calculate the remainder when 231067 is divided by 7.
4
What is the remainder when 14103 is divided by 90?
63
Calculate the remainder when 6463 is divided by 323.
3
What is the remainder when 6527 is divided by 68?
67
What is the remainder when 25477 is divided by 232?
189
What is the remainder when 425 is divided by 135?
20
Calculate the remainder when 443878 is divided by 65.
58
Calculate the remainder when 4027 is divided by 216.
139
What is the remainder when 480244 is divided by 2001?
4
Calculate the remainder when 33696 is divided by 411.
405
What is the remainder when 9449 is divided by 3140?
29
Calculate the remainder when 2064 is divided by 209.
183
What is the remainder when 375297 is divided by 26806?
13
What is the remainder when 24890 is divided by 27?
23
Calculate the remainder when 280589 is divided by 119.
106
Calculate the remainder when 177756 is divided by 458.
52
Calculate the remainder when 75303 is divided by 416.
7
What is the remainder when 48584 is divided by 1035?
974
Calculate the remainder when 1386 is divided by 1369.
17
What is the remainder when 2811 is divided by 200?
11
Calculate the remainder when 703420 is divided by 1503.
16
Calculate the remainder when 2238241 is divided by 371.
369
What is the remainder when 1251924 is divided by 407?
399
Calculate the remainder when 9199 is divided by 93.
85
What is the remainder when 1597 is divided by 125?
97
What is the remainder when 2048 is divided by 51?
8
Calculate the remainder when 83821 is divided by 89.
72
Calculate the remainder when 946856 is divided by 516.
512
What is the remainder when 3551 is divided by 1097?
260
Calculate the remainder when 8785 is divided by 1099.
1092
Calculate the remainder when 153024 is divided by 539.
487
What is the remainder when 3780 is divided by 22?
18
What is the remainder when 848276 is divided by 40?
36
Calculate the remainder when 14422 is divided by 446.
150
Calculate the remainder when 13955 is divided by 27.
23
What is the remainder when 8635 is divided by 17?
16
Calculate the remainder when 18886 is divided by 2358.
22
What is the remainder when 3865 is divided by 1925?
15
What is the remainder when 12248 is divided by 40?
8
Calculate the remainder when 82541 is divided by 88.
85
What is the remainder when 1441 is divided by 207?
199
What is the remainder when 19185 is divided by 58?
45
What is the remainder when 2483 is divided by 2457?
26
What is the remainder when 18726 is divided by 65?
6
What is the remainder when 122970 is divided by 191?
157
Calculate the remainder when 160089 is divided by 36.
33
What is the remainder when 162718 is divided by 37?
29
Calculate the remainder when 10320 is divided by 1711.
54
Calculate the remainder when 321723 is divided by 16932.
15
Calculate the remainder when 157400 is divided by 200.
0
What is the remainder when 2308422 is divided by 525?
522
Calculate the remainder when 2774 is divided by 490.
324
What is the remainder when 6151 is divided by 22?
13
Calculate the remainder when 8439 is divided by 1681.
34
What is the remainder when 52211 is divided by 2269?
24
What is the remainder when 486052 is divided by 45?
7
What is the remainder when 26996 is divided by 203?
200
Calculate the remainder when 1160 is divided by 443.
274
Calculate the remainder when 91896 is divided by 1507.
1476
What is the remainder when 47883 is divided by 44?
11
What is the remainder when 276975 is divided by 16?
15
What is the remainder when 140779 is divided by 41?
26
What is the remainder when 280 is divided by 254?
26
Calculate the remainder when 433 is divided by 144.
1
What is the remainder when 919757 is divided by 58?
51
What is the remainder when 6888 is divided by 258?
180
What is the remainder when 14661 is divided by 544?
517
What is the remainder when 88901 is divided by 27?
17
Calculate the remainder when 1339118 is divided by 16.
14
What is the remainder when 10865 is divided by 1540?
85
What is the remainder when 3741 is divided by 533?
10
What is the remainder when 713 is divided by 143?
141
What is the remainder when 381543 is divided by 381532?
11
Calculate the remainder when 4225 is divided by 1121.
862
What is the remainder when 5379 is divided by 117?
114
What is t